{"id":34,"date":"2017-10-27T21:54:31","date_gmt":"2017-10-27T19:54:31","guid":{"rendered":"http:\/\/kinderhaus-passau.de\/wordpress\/?page_id=34"},"modified":"2018-09-30T21:16:08","modified_gmt":"2018-09-30T19:16:08","slug":"montessori-foerderverein-passau-e-v","status":"publish","type":"page","link":"http:\/\/kinderhaus-passau.de\/wordpress\/montessori-foerderverein-passau-e-v\/","title":{"rendered":"Montessori F\u00f6rderverein Passau e.V."},"content":{"rendered":"<p><span style=\"font-weight: 400;\">Der F\u00f6rderverein Montessori fungiert als Tr\u00e4ger f\u00fcr das Kinderhaus mit seinen zwei Kindergartengruppen und einer Krippengruppe. Der Vorstand besteht aus engagierten Eltern, die sich zu sechs Kernvorst\u00e4nden zusammenfinden. Der Vorstand wird alle zwei Jahre neu gew\u00e4hlt. Die Aufgaben des Vorstands und seine Kooperationswege mit dem p\u00e4dagogischen Fachpersonal sind in einem Kompetenzplan festgelegt.<\/span><\/p>\n","protected":false},"excerpt":{"rendered":"<p>Der F\u00f6rderverein Montessori fungiert als Tr\u00e4ger f\u00fcr das Kinderhaus mit seinen zwei Kindergartengruppen und einer Krippengruppe. Der Vorstand besteht aus engagierten Eltern, die sich zu sechs Kernvorst\u00e4nden zusammenfinden. Der Vorstand wird alle zwei Jahre neu gew\u00e4hlt. Die Aufgaben des Vorstands und seine Kooperationswege mit dem p\u00e4dagogischen Fachpersonal sind in einem Kompetenzplan festgelegt.<\/p>\n","protected":false},"author":1,"featured_media":0,"parent":0,"menu_order":0,"comment_status":"closed","ping_status":"closed","template":"","meta":{"footnotes":""},"class_list":["post-34","page","type-page","status-publish","hentry"],"_links":{"self":[{"href":"http:\/\/kinderhaus-passau.de\/wordpress\/wp-json\/wp\/v2\/pages\/34","targetHints":{"allow":["GET"]}}],"collection":[{"href":"http:\/\/kinderhaus-passau.de\/wordpress\/wp-json\/wp\/v2\/pages"}],"about":[{"href":"http:\/\/kinderhaus-passau.de\/wordpress\/wp-json\/wp\/v2\/types\/page"}],"author":[{"embeddable":true,"href":"http:\/\/kinderhaus-passau.de\/wordpress\/wp-json\/wp\/v2\/users\/1"}],"replies":[{"embeddable":true,"href":"http:\/\/kinderhaus-passau.de\/wordpress\/wp-json\/wp\/v2\/comments?post=34"}],"version-history":[{"count":3,"href":"http:\/\/kinderhaus-passau.de\/wordpress\/wp-json\/wp\/v2\/pages\/34\/revisions"}],"predecessor-version":[{"id":524,"href":"http:\/\/kinderhaus-passau.de\/wordpress\/wp-json\/wp\/v2\/pages\/34\/revisions\/524"}],"wp:attachment":[{"href":"http:\/\/kinderhaus-passau.de\/wordpress\/wp-json\/wp\/v2\/media?parent=34"}],"curies":[{"name":"wp","href":"https:\/\/api.w.org\/{rel}","templated":true}]}}