{"id":7,"date":"2017-10-19T18:14:47","date_gmt":"2017-10-19T16:14:47","guid":{"rendered":"http:\/\/kinderhaus-passau.de\/wordpress\/?page_id=7"},"modified":"2024-01-20T17:52:50","modified_gmt":"2024-01-20T16:52:50","slug":"unserkinderhaus","status":"publish","type":"page","link":"http:\/\/kinderhaus-passau.de\/wordpress\/unserkinderhaus\/","title":{"rendered":"Unser Kinderhaus"},"content":{"rendered":"<div id=\"pl-7\"  class=\"panel-layout\" ><div id=\"pg-7-0\"  class=\"panel-grid panel-no-style\" ><div id=\"pgc-7-0-0\"  class=\"panel-grid-cell\" ><div id=\"panel-7-0-0-0\" class=\"so-panel widget widget_text panel-first-child panel-last-child\" data-index=\"0\" >\t\t\t<div class=\"textwidget\"><p><span style=\"font-weight: 400;\">1996 rief eine Elterninitiative den F\u00f6rderverein Montessori Kinderhaus Passau und Umgebung e.V. ins Leben. Wir starteten mit 15 Kindern, und bereits ein Jahr sp\u00e4ter wurde wegen gro\u00dfer Nachfrage eine zweite Kindergartengruppe er\u00f6ffnet. Im September 2002 erweiterten wir unser Angebot um eine Krippengruppe. Unsere Besonderheiten sind neben der von uns ausgew\u00e4hlten Montessori-P\u00e4dagogik:<\/span><\/p>\n<ul>\n<li style=\"font-weight: 400;\"><span style=\"font-weight: 400;\">zwei Kindergartengruppen mit jeweils maximal 15 Kindern im Alter von 2 bis 7 Jahren, bei denen Eltern in Betreuung und Organisation mitarbeiten<\/span><\/li>\n<li style=\"font-weight: 400;\"><span style=\"font-weight: 400;\">eine Krippengruppe mit 15 Kindern im Alter von 0 bis 3 Jahren, die sich an den Grunds\u00e4tzen von Emmy Pikler orientiert<\/span><\/li>\n<li>alle Kinder unserer Einrichtung werden t\u00e4glich mit einem frisch zubereiteten, vollwertigen, biologischen und vegetarischen Fr\u00fchst\u00fcck und Mittagessen versorgt<\/li>\n<\/ul>\n<\/div>\n\t\t<\/div><\/div><div id=\"pgc-7-0-1\"  class=\"panel-grid-cell\" ><div id=\"panel-7-0-1-0\" class=\"so-panel widget widget_text panel-first-child panel-last-child\" data-index=\"1\" ><div class=\"panel-widget-style panel-widget-style-for-7-0-1-0\" >\t\t\t<div class=\"textwidget\"><div id=\"gedicht\"><\/div>\n<p>Wie muss ein Haus sein<br \/>\ndas wir f\u00fcr unsere Kinder<br \/>\ngestalten?<\/p>\n<p>Es muss<br \/>\nin uns selbst sein,<br \/>\nunsere Haltung,<br \/>\nunser Wissen,<br \/>\nunser Wunsch,<br \/>\nihr Wachsen<br \/>\nzu verstehen.<\/p>\n<p>Das Haus, in dem<br \/>\nunsere Kinder leben<br \/>\nund dem sie vertrauen,<br \/>\nsind wir.<\/p>\n<\/div>\n\t\t<\/div><\/div><\/div><\/div><\/div>","protected":false},"excerpt":{"rendered":"<p>1996 rief eine Elterninitiative den F\u00f6rderverein Montessori Kinderhaus Passau und Umgebung e.V. ins Leben. Wir starteten mit 15 Kindern, und bereits ein Jahr sp\u00e4ter wurde wegen gro\u00dfer Nachfrage eine zweite Kindergartengruppe er\u00f6ffnet. Im September 2002 erweiterten wir unser Angebot um eine Krippengruppe. Unsere Besonderheiten sind neben der von uns ausgew\u00e4hlten Montessori-P\u00e4dagogik: zwei Kindergartengruppen mit jeweils &hellip; <\/p>\n<p class=\"link-more\"><a href=\"http:\/\/kinderhaus-passau.de\/wordpress\/unserkinderhaus\/\" class=\"more-link\"><span class=\"screen-reader-text\">\u201eUnser Kinderhaus\u201c<\/span> weiterlesen<\/a><\/p>\n","protected":false},"author":1,"featured_media":0,"parent":0,"menu_order":0,"comment_status":"closed","ping_status":"closed","template":"","meta":{"footnotes":""},"class_list":["post-7","page","type-page","status-publish","hentry"],"_links":{"self":[{"href":"http:\/\/kinderhaus-passau.de\/wordpress\/wp-json\/wp\/v2\/pages\/7","targetHints":{"allow":["GET"]}}],"collection":[{"href":"http:\/\/kinderhaus-passau.de\/wordpress\/wp-json\/wp\/v2\/pages"}],"about":[{"href":"http:\/\/kinderhaus-passau.de\/wordpress\/wp-json\/wp\/v2\/types\/page"}],"author":[{"embeddable":true,"href":"http:\/\/kinderhaus-passau.de\/wordpress\/wp-json\/wp\/v2\/users\/1"}],"replies":[{"embeddable":true,"href":"http:\/\/kinderhaus-passau.de\/wordpress\/wp-json\/wp\/v2\/comments?post=7"}],"version-history":[{"count":11,"href":"http:\/\/kinderhaus-passau.de\/wordpress\/wp-json\/wp\/v2\/pages\/7\/revisions"}],"predecessor-version":[{"id":2338,"href":"http:\/\/kinderhaus-passau.de\/wordpress\/wp-json\/wp\/v2\/pages\/7\/revisions\/2338"}],"wp:attachment":[{"href":"http:\/\/kinderhaus-passau.de\/wordpress\/wp-json\/wp\/v2\/media?parent=7"}],"curies":[{"name":"wp","href":"https:\/\/api.w.org\/{rel}","templated":true}]}}

<div id="pl-7"  class="panel-layout" ><div id="pg-7-0"  class="panel-grid panel-no-style" ><div id="pgc-7-0-0"  class="panel-grid-cell" ><div id="panel-7-0-0-0" class="so-panel widget widget_text panel-first-child panel-last-child" data-index="0" >			<div class="textwidget"><p><span style="font-weight: 400;">1996 rief eine Elterninitiative den Förderverein Montessori Kinderhaus Passau und Umgebung e.V. ins Leben. Wir starteten mit 15 Kindern, und bereits ein Jahr später wurde wegen großer Nachfrage eine zweite Kindergartengruppe eröffnet. Im September 2002 erweiterten wir unser Angebot um eine Krippengruppe. Unsere Besonderheiten sind neben der von uns ausgewählten Montessori-Pädagogik:</span></p>
<ul>
<li style="font-weight: 400;"><span style="font-weight: 400;">zwei Kindergartengruppen mit jeweils maximal 15 Kindern im Alter von 2 bis 7 Jahren, bei denen Eltern in Betreuung und Organisation mitarbeiten</span></li>
<li style="font-weight: 400;"><span style="font-weight: 400;">eine Krippengruppe mit 15 Kindern im Alter von 0 bis 3 Jahren, die sich an den Grundsätzen von Emmy Pikler orientiert</span></li>
<li>alle Kinder unserer Einrichtung werden täglich mit einem frisch zubereiteten, vollwertigen, biologischen und vegetarischen Frühstück und Mittagessen versorgt</li>
</ul>
</div>
		</div></div><div id="pgc-7-0-1"  class="panel-grid-cell" ><div id="panel-7-0-1-0" class="so-panel widget widget_text panel-first-child panel-last-child" data-index="1" ><div class="panel-widget-style panel-widget-style-for-7-0-1-0" >			<div class="textwidget"><div id="gedicht"></div>
<p>Wie muss ein Haus sein<br />
das wir für unsere Kinder<br />
gestalten?</p>
<p>Es muss<br />
in uns selbst sein,<br />
unsere Haltung,<br />
unser Wissen,<br />
unser Wunsch,<br />
ihr Wachsen<br />
zu verstehen.</p>
<p>Das Haus, in dem<br />
unsere Kinder leben<br />
und dem sie vertrauen,<br />
sind wir.</p>
</div>
		</div></div></div></div></div>

<p>1996 rief eine Elterninitiative den Förderverein Montessori Kinderhaus Passau und Umgebung e.V. ins Leben. Wir starteten mit 15 Kindern, und bereits ein Jahr später wurde wegen großer Nachfrage eine zweite Kindergartengruppe eröffnet. Im September 2002 erweiterten wir unser Angebot um eine Krippengruppe. Unsere Besonderheiten sind neben der von uns ausgewählten Montessori-Pädagogik: zwei Kindergartengruppen mit jeweils &hellip; </p>
<p class="link-more"><a href="http://kinderhaus-passau.de/wordpress/unserkinderhaus/" class="more-link"><span class="screen-reader-text">„Unser Kinderhaus“</span> weiterlesen</a></p>
